{"id":1411,"date":"2024-11-29T12:23:41","date_gmt":"2024-11-29T12:23:41","guid":{"rendered":"https:\/\/iut.fluxeos.com\/rapcollect\/?page_id=1411"},"modified":"2024-11-29T13:44:24","modified_gmt":"2024-11-29T13:44:24","slug":"actualites-rap-rapcollect-2","status":"publish","type":"page","link":"https:\/\/iut.fluxeos.com\/rapcollect\/actualites-rap-rapcollect-2\/","title":{"rendered":"Actualit\u00e9s rap"},"content":{"rendered":"\n<div class=\"wp-block-stackable-columns stk-block-columns stk-block stk-c5c7146 stk-block-background\" data-block-id=\"c5c7146\"><style>.stk-c5c7146 {background-color:#000000 !important;margin-bottom:0px !important;}.stk-c5c7146:before{background-color:#000000 !important;}<\/style><div class=\"stk-row stk-inner-blocks stk-block-content stk-content-align stk-c5c7146-column\">\n<div class=\"wp-block-stackable-column stk-block-column stk-column stk-block stk-191d4cf\" data-v=\"4\" data-block-id=\"191d4cf\"><div class=\"stk-column-wrapper stk-block-column__content stk-container stk-191d4cf-container stk--no-background stk--no-padding\"><div class=\"stk-block-content stk-inner-blocks stk-191d4cf-inner-blocks\">\n<div class=\"wp-block-stackable-image stk-block-image stk-block stk-593f49d\" data-block-id=\"593f49d\"><style>.stk-593f49d .stk-img-wrapper{width:79% !important;}@media screen and (max-width: 767px){.stk-593f49d .stk-img-wrapper{width:100% !important;}}<\/style><figure><span class=\"stk-img-wrapper stk-image--shape-stretch\"><img loading=\"lazy\" decoding=\"async\" class=\"stk-img wp-image-1052\" src=\"https:\/\/iut.fluxeos.com\/rapcollect\/wp-content\/uploads\/sites\/6\/2024\/11\/Fond-6.jpg\" width=\"1500\" height=\"650\" srcset=\"https:\/\/iut.fluxeos.com\/rapcollect\/wp-content\/uploads\/sites\/6\/2024\/11\/Fond-6.jpg 1500w, https:\/\/iut.fluxeos.com\/rapcollect\/wp-content\/uploads\/sites\/6\/2024\/11\/Fond-6-300x130.jpg 300w, https:\/\/iut.fluxeos.com\/rapcollect\/wp-content\/uploads\/sites\/6\/2024\/11\/Fond-6-1024x444.jpg 1024w, https:\/\/iut.fluxeos.com\/rapcollect\/wp-content\/uploads\/sites\/6\/2024\/11\/Fond-6-768x333.jpg 768w, https:\/\/iut.fluxeos.com\/rapcollect\/wp-content\/uploads\/sites\/6\/2024\/11\/Fond-6-600x260.jpg 600w\" sizes=\"auto, (max-width: 1500px) 100vw, 1500px\" \/><\/span><\/figure><\/div>\n\n\n\n<div class=\"wp-block-stackable-heading stk-block-heading stk-block-heading--v2 stk-block stk-b55207b\" id=\"actualites\" data-block-id=\"b55207b\"><style>.stk-b55207b .stk-block-heading__bottom-line{background-color:#ffffff !important;}.stk-b55207b .stk-block-heading__text{font-size:59px !important;color:#ffffff !important;}@media screen and (max-width: 1023px){.stk-b55207b .stk-block-heading__text{font-size:50px !important;}}@media screen and (max-width: 767px){.stk-b55207b .stk-block-heading__bottom-line{margin-left:auto !important;margin-right:auto !important;}}<\/style><h1 class=\"stk-block-heading__text has-text-color has-text-align-center\">Actualit\u00e9s<\/h1><div class=\"stk-block-heading__bottom-line\"><\/div><\/div>\n\n\n<div  class=\"ultp-post-grid-block wp-block-ultimate-post-post-list-1 ultp-block-c741eb\"><div class=\"ultp-block-wrapper\"><div class=\"ultp-loading\"><div class=\"ultp-loading-blocks\" style=\"width:100%;height:100%;\"><div style=\"left: 0;top: 0;animation-delay:0s;\"><\/div><div style=\"left: 21px;top: 0;animation-delay:0.125s;\"><\/div><div style=\"left: 42px;top: 0;animation-delay:0.25s;\"><\/div><div style=\"left: 0;top: 21px;animation-delay:0.875s;\"><\/div><div style=\"left: 42px;top: 21px;animation-delay:0.375s;\"><\/div><div style=\"left: 0;top: 42px;animation-delay:0.75s;\"><\/div><div style=\"left: 42px;top: 42px;animation-delay:0.625s;\"><\/div><div style=\"left: 21px;top: 42px;animation-delay:0.5s;\"><\/div><\/div><\/div><div class=\"ultp-block-items-wrap ultp-block-row ultp-block-column-3 ultp-pl1a-style1 ultp-post-list1-layout1\"><article class=\"ultp-block-item post-id-552\"><div class=\"ultp-block-content-wrap\"><div class=\"ultp-block-entry-content\"><div class=\"ultp-block-entry-heading\"><h2 class=\"ultp-block-title \"><a href=\"https:\/\/iut.fluxeos.com\/rapcollect\/blog\/nouvel-album-ninho-et-niska\/\" >Nouvel Album Ninho et Niska<\/a><\/h2><\/div><div class=\"ultp-block-image ultp-block-image-none\"><a href=\"https:\/\/iut.fluxeos.com\/rapcollect\/blog\/nouvel-album-ninho-et-niska\/\" ><img decoding=\"async\"  alt=\"Nouvel Album Ninho et Niska\"  src=\"https:\/\/iut.fluxeos.com\/rapcollect\/wp-content\/uploads\/sites\/6\/2024\/11\/Design-sans-titre-19.jpg\" \/><\/a><\/div><\/div><div class=\"ultp-block-content\"><div class=\"ultp-block-excerpt\"><p>Nouvel Album Ninho et Niska L&rsquo;album GOAT de Ninho et Niska, sorti le 25 octobre 2024, est une collaboration tr\u00e8s attendue qui r\u00e9unit deux des\u2026<\/p>\n<\/div><\/div><\/div><\/article><article class=\"ultp-block-item post-id-521\"><div class=\"ultp-block-content-wrap\"><div class=\"ultp-block-entry-content\"><div class=\"ultp-block-entry-heading\"><h2 class=\"ultp-block-title \"><a href=\"https:\/\/iut.fluxeos.com\/rapcollect\/blog\/nouvel-album-tiakola\/\" >Nouvel Album Tiakola<\/a><\/h2><\/div><div class=\"ultp-block-image ultp-block-image-none\"><a href=\"https:\/\/iut.fluxeos.com\/rapcollect\/blog\/nouvel-album-tiakola\/\" ><img decoding=\"async\"  alt=\"Nouvel Album Tiakola\"  src=\"https:\/\/iut.fluxeos.com\/rapcollect\/wp-content\/uploads\/sites\/6\/2024\/11\/Design-sans-titre-20.jpg\" \/><\/a><\/div><\/div><div class=\"ultp-block-content\"><div class=\"ultp-block-excerpt\"><p>Nouvel Album Tiakola Le dernier album de Tiakola, BDLM Vol.1, est sorti le 20 septembre 2024. Ce projet marque un nouveau chapitre pour le rappeur,\u2026<\/p>\n<\/div><\/div><\/div><\/article><article class=\"ultp-block-item post-id-1\"><div class=\"ultp-block-content-wrap\"><div class=\"ultp-block-entry-content\"><div class=\"ultp-block-entry-heading\"><h2 class=\"ultp-block-title \"><a href=\"https:\/\/iut.fluxeos.com\/rapcollect\/blog\/nouvel-album-sdm\/\" >Nouvel Album SDM<\/a><\/h2><\/div><div class=\"ultp-block-image ultp-block-image-none\"><a href=\"https:\/\/iut.fluxeos.com\/rapcollect\/blog\/nouvel-album-sdm\/\" ><img decoding=\"async\"  alt=\"Nouvel Album SDM\"  src=\"https:\/\/iut.fluxeos.com\/rapcollect\/wp-content\/uploads\/sites\/6\/2024\/10\/Design-sans-titre-22.jpg\" \/><\/a><\/div><\/div><div class=\"ultp-block-content\"><div class=\"ultp-block-excerpt\"><p>Nouvel Album SDM Le dernier album de SDM, intitul\u00e9 \u00c0 la vie \u00e0 la mort (ALVALM), est sorti le 27 septembre 2024. Ce troisi\u00e8me opus\u2026<\/p>\n<\/div><\/div><\/div><\/article><\/div><\/div><div class=\"pagination-block-html\" aria-hidden=\"true\" style=\"display: none;\"><\/div><\/div><\/div><\/div><\/div>\n<\/div><\/div>\n","protected":false},"excerpt":{"rendered":"<p>Actualit\u00e9s<\/p>\n","protected":false},"author":8,"featured_media":0,"parent":0,"menu_order":0,"comment_status":"closed","ping_status":"closed","template":"","meta":{"footnotes":""},"class_list":["post-1411","page","type-page","status-publish","hentry"],"_links":{"self":[{"href":"https:\/\/iut.fluxeos.com\/rapcollect\/wp-json\/wp\/v2\/pages\/1411","targetHints":{"allow":["GET"]}}],"collection":[{"href":"https:\/\/iut.fluxeos.com\/rapcollect\/wp-json\/wp\/v2\/pages"}],"about":[{"href":"https:\/\/iut.fluxeos.com\/rapcollect\/wp-json\/wp\/v2\/types\/page"}],"author":[{"embeddable":true,"href":"https:\/\/iut.fluxeos.com\/rapcollect\/wp-json\/wp\/v2\/users\/8"}],"replies":[{"embeddable":true,"href":"https:\/\/iut.fluxeos.com\/rapcollect\/wp-json\/wp\/v2\/comments?post=1411"}],"version-history":[{"count":5,"href":"https:\/\/iut.fluxeos.com\/rapcollect\/wp-json\/wp\/v2\/pages\/1411\/revisions"}],"predecessor-version":[{"id":1469,"href":"https:\/\/iut.fluxeos.com\/rapcollect\/wp-json\/wp\/v2\/pages\/1411\/revisions\/1469"}],"wp:attachment":[{"href":"https:\/\/iut.fluxeos.com\/rapcollect\/wp-json\/wp\/v2\/media?parent=1411"}],"curies":[{"name":"wp","href":"https:\/\/api.w.org\/{rel}","templated":true}]}}