{"id":561,"date":"2024-11-27T21:17:47","date_gmt":"2024-11-27T21:17:47","guid":{"rendered":"https:\/\/iut.fluxeos.com\/larmoiredemamie\/?post_type=product&#038;p=561"},"modified":"2024-11-27T21:18:49","modified_gmt":"2024-11-27T21:18:49","slug":"pochette-ordinateur-kalmia","status":"publish","type":"product","link":"https:\/\/iut.fluxeos.com\/larmoiredemamie\/produit\/pochette-ordinateur-kalmia\/","title":{"rendered":"Pochette Ordinateur Kalmia"},"content":{"rendered":"<p>D\u00e9couvrez notre nouvelle pochette d\u2019ordinateur, alliant style et praticit\u00e9, id\u00e9ale pour prot\u00e9ger votre appareil avec \u00e9l\u00e9gance. Confectionn\u00e9e en tissu matelass\u00e9 recycl\u00e9, elle offre une protection efficace contre les chocs tout en apportant une touche unique et color\u00e9e<\/p>\n<p><b>Composition &amp; Entretien<\/b><\/p>\n<p>\u2013 Pochette 100% coton.<\/p>\n<p>\u2013 Vous pouvez mettre en machine en lavant \u00e0 30\u00b0 et ne pas utiliser le s\u00e8che linge<\/p>\n<p><b>Dimensions\u00a0<\/b><\/p>\n<p>\u2013 Taille: 36\u00d725 cm \/ Diagonale: 38cm<\/p>\n<p>\u2013 Pochette matelass\u00e9e et rembourr\u00e9e 100% coton<\/p>\n<p>\u2013 Ouverture large pour y ranger facilement son ordinateur et ses documents<\/p>\n<p><b>Fabrication<\/b><\/p>\n<p>\u2013 Fabriqu\u00e9 \u00e0 la main<\/p>\n","protected":false},"excerpt":{"rendered":"<p>La nouvelle pochette d\u2019ordinateur KALMIA est pens\u00e9e pour prot\u00e9ger votre ordinateur. Son ouverture large permet de glisser votre ordinateur tr\u00e8s facilement<\/p>\n<ul>\n<li>Lavable \u00e0 30\u00b0, ne pas utiliser le s\u00e8che linge<\/li>\n<li>100 % tissus recycl\u00e9s<\/li>\n<li>Fabrication \u00e0 la main<\/li>\n<\/ul>\n","protected":false},"featured_media":220,"comment_status":"open","ping_status":"closed","template":"","meta":[],"product_brand":[],"product_cat":[17],"product_tag":[],"class_list":{"0":"post-561","1":"product","2":"type-product","3":"status-publish","4":"has-post-thumbnail","6":"product_cat-collections","8":"first","9":"instock","10":"shipping-taxable","11":"purchasable","12":"product-type-simple"},"_links":{"self":[{"href":"https:\/\/iut.fluxeos.com\/larmoiredemamie\/wp-json\/wp\/v2\/product\/561","targetHints":{"allow":["GET"]}}],"collection":[{"href":"https:\/\/iut.fluxeos.com\/larmoiredemamie\/wp-json\/wp\/v2\/product"}],"about":[{"href":"https:\/\/iut.fluxeos.com\/larmoiredemamie\/wp-json\/wp\/v2\/types\/product"}],"replies":[{"embeddable":true,"href":"https:\/\/iut.fluxeos.com\/larmoiredemamie\/wp-json\/wp\/v2\/comments?post=561"}],"wp:featuredmedia":[{"embeddable":true,"href":"https:\/\/iut.fluxeos.com\/larmoiredemamie\/wp-json\/wp\/v2\/media\/220"}],"wp:attachment":[{"href":"https:\/\/iut.fluxeos.com\/larmoiredemamie\/wp-json\/wp\/v2\/media?parent=561"}],"wp:term":[{"taxonomy":"product_brand","embeddable":true,"href":"https:\/\/iut.fluxeos.com\/larmoiredemamie\/wp-json\/wp\/v2\/product_brand?post=561"},{"taxonomy":"product_cat","embeddable":true,"href":"https:\/\/iut.fluxeos.com\/larmoiredemamie\/wp-json\/wp\/v2\/product_cat?post=561"},{"taxonomy":"product_tag","embeddable":true,"href":"https:\/\/iut.fluxeos.com\/larmoiredemamie\/wp-json\/wp\/v2\/product_tag?post=561"}],"curies":[{"name":"wp","href":"https:\/\/api.w.org\/{rel}","templated":true}]}}