{"id":269,"date":"2024-11-20T15:51:57","date_gmt":"2024-11-20T15:51:57","guid":{"rendered":"https:\/\/iut.fluxeos.com\/lacabanedeplage\/?page_id=269"},"modified":"2024-11-26T17:16:40","modified_gmt":"2024-11-26T17:16:40","slug":"mentions-legales","status":"publish","type":"page","link":"https:\/\/iut.fluxeos.com\/lacabanedeplage\/mentions-legales\/","title":{"rendered":"Mentions l\u00e9gales"},"content":{"rendered":"\n<div class=\"wp-block-stackable-heading stk-block-heading stk-block-heading--v2 stk-block stk-426db3f\" id=\"mentions-legales\" data-block-id=\"426db3f\"><style>.stk-426db3f .stk-block-heading__text{font-family:\"Montserrat\", Sans-serif !important;}<\/style><h1 class=\"stk-block-heading__text\">Mentions l\u00e9gales<\/h1><\/div>\n\n\n\n<div class=\"wp-block-stackable-columns stk-block-columns stk-block stk-2be982a\" data-block-id=\"2be982a\"><div class=\"stk-row stk-inner-blocks stk-block-content stk-content-align stk-2be982a-column\">\n<div class=\"wp-block-stackable-column stk-block-column stk-column stk-block stk-dd973a0\" data-v=\"4\" data-block-id=\"dd973a0\"><div class=\"stk-column-wrapper stk-block-column__content stk-container stk-dd973a0-container stk--no-background stk--no-padding\"><div class=\"stk-block-content stk-inner-blocks stk-dd973a0-inner-blocks\">\n<div class=\"wp-block-stackable-heading stk-block-heading stk-block-heading--v2 stk-block stk-048e39d\" id=\"1-editeur-du-site\" data-block-id=\"048e39d\"><style>.stk-048e39d .stk-block-heading__text{font-family:\"Montserrat\", Sans-serif !important;}<\/style><h2 class=\"stk-block-heading__text\">1- Editeur du site<\/h2><\/div>\n\n\n\n<div class=\"wp-block-stackable-text stk-block-text stk-block stk-ea7db5a\" data-block-id=\"ea7db5a\"><style>.stk-ea7db5a {margin-bottom:0px !important;}.stk-ea7db5a .stk-block-text__text{font-family:\"Montserrat\", Sans-serif !important;}<\/style><p class=\"stk-block-text__text\">Le site <strong>La Cabane de Plage<\/strong> est \u00e9dit\u00e9 par :<\/p><\/div>\n\n\n\n<div class=\"wp-block-stackable-text stk-block-text stk-block stk-8bbf0fa\" data-block-id=\"8bbf0fa\"><style>.stk-8bbf0fa {margin-bottom:0px !important;}.stk-8bbf0fa .stk-block-text__text{font-family:\"Montserrat\", Sans-serif !important;}<\/style><p class=\"stk-block-text__text\"><strong>Nom de l&rsquo;entreprise<\/strong> : La Cabane de Plage<\/p><\/div>\n\n\n\n<div class=\"wp-block-stackable-text stk-block-text stk-block stk-8184b96\" data-block-id=\"8184b96\"><style>.stk-8184b96 {margin-bottom:3px !important;}<\/style><p class=\"stk-block-text__text\"><strong>Forme juridique <\/strong>: EURL<\/p><\/div>\n\n\n\n<div class=\"wp-block-stackable-text stk-block-text stk-block stk-6d9ea3e\" data-block-id=\"6d9ea3e\"><style>.stk-6d9ea3e {margin-bottom:0px !important;}<\/style><p class=\"stk-block-text__text\"><strong>Si\u00e8ge social<\/strong> : 2-4 rue Winston Churchill, 22370, Pl\u00e9neuf-Val-Andr\u00e9<\/p><\/div>\n\n\n\n<div class=\"wp-block-stackable-text stk-block-text stk-block stk-cf97f09\" data-block-id=\"cf97f09\"><style>.stk-cf97f09 {margin-bottom:0px !important;}<\/style><p class=\"stk-block-text__text\"><strong>Num\u00e9ro de SIRET<\/strong> : <\/p><\/div>\n\n\n\n<div class=\"wp-block-stackable-text stk-block-text stk-block stk-2a74e54\" data-block-id=\"2a74e54\"><style>.stk-2a74e54 {margin-bottom:0px !important;}<\/style><p class=\"stk-block-text__text\"><strong>RCS<\/strong> : <\/p><\/div>\n\n\n\n<div class=\"wp-block-stackable-text stk-block-text stk-block stk-b541a79\" data-block-id=\"b541a79\"><style>.stk-b541a79 {margin-bottom:0px !important;}<\/style><p class=\"stk-block-text__text\"><strong>Num\u00e9ro de TVA intracommunautaire<\/strong> : FR XX XXXX XXXX<\/p><\/div>\n\n\n\n<div class=\"wp-block-stackable-text stk-block-text stk-block stk-c19268b\" data-block-id=\"c19268b\"><style>.stk-c19268b {margin-bottom:1px !important;}<\/style><p class=\"stk-block-text__text\"><strong>Responsable de la publication<\/strong> : Elodie Martin, g\u00e9rante<\/p><\/div>\n\n\n\n<div class=\"wp-block-stackable-text stk-block-text stk-block stk-8bcd843\" data-block-id=\"8bcd843\"><style>.stk-8bcd843 {margin-bottom:25px !important;}<\/style><p class=\"stk-block-text__text\"><strong>Contact<\/strong> : 06 28 94 10 73<\/p><\/div>\n\n\n\n<div class=\"wp-block-stackable-text stk-block-text stk-block stk-0f488e8\" data-block-id=\"0f488e8\"><style>.stk-0f488e8 {margin-bottom:0px !important;}<\/style><p class=\"stk-block-text__text\">Le site est h\u00e9berg\u00e9 par :<\/p><\/div>\n\n\n\n<div class=\"wp-block-stackable-text stk-block-text stk-block stk-cdf8aea\" data-block-id=\"cdf8aea\"><style>.stk-cdf8aea {margin-bottom:0px !important;}<\/style><p class=\"stk-block-text__text\">Nom de l&rsquo;h\u00e9bergeur : OVH<\/p><\/div>\n\n\n\n<div class=\"wp-block-stackable-text stk-block-text stk-block stk-ecbbb1b\" data-block-id=\"ecbbb1b\"><style>.stk-ecbbb1b {margin-bottom:0px !important;}<\/style><p class=\"stk-block-text__text\">Adresse : <\/p><\/div>\n\n\n\n<div class=\"wp-block-stackable-text stk-block-text stk-block stk-281f9b7\" data-block-id=\"281f9b7\"><style>.stk-281f9b7 {margin-bottom:0px !important;}<\/style><p class=\"stk-block-text__text\">T\u00e9l\u00e9phone : <\/p><\/div>\n\n\n\n<div class=\"wp-block-stackable-text stk-block-text stk-block stk-113ef06\" data-block-id=\"113ef06\"><style>.stk-113ef06 {margin-bottom:0px !important;}<\/style><p class=\"stk-block-text__text\">Site web : <a href=\"https:\/\/wordpress.com\/fr\/\" target=\"_blank\" rel=\"noopener\">wordpress.com<\/a><\/p><\/div>\n\n\n\n<div class=\"wp-block-stackable-text stk-block-text stk-block stk-6c5d8da\" data-block-id=\"6c5d8da\"><p class=\"stk-block-text__text\">L\u2019ensemble des informations relatives \u00e0 l\u2019\u00e9diteur est fourni conform\u00e9ment aux dispositions de l\u2019article 6 III-1 de la Loi n\u00b02004-575 du 21 juin 2004 pour la confiance dans l\u2019\u00e9conomie num\u00e9rique.<\/p><\/div>\n<\/div><\/div><\/div>\n<\/div><\/div>\n\n\n\n<div class=\"wp-block-stackable-columns stk-block-columns stk-block stk-aa3d2d3\" data-block-id=\"aa3d2d3\"><div class=\"stk-row stk-inner-blocks stk-block-content stk-content-align stk-aa3d2d3-column\">\n<div class=\"wp-block-stackable-column stk-block-column stk-column stk-block stk-e73a931\" data-v=\"4\" data-block-id=\"e73a931\"><div class=\"stk-column-wrapper stk-block-column__content stk-container stk-e73a931-container stk--no-background stk--no-padding\"><div class=\"stk-block-content stk-inner-blocks stk-e73a931-inner-blocks\">\n<div class=\"wp-block-stackable-heading stk-block-heading stk-block-heading--v2 stk-block stk-086e41a\" id=\"2-propriete-intellectuelle-et-contrefacons\" data-block-id=\"086e41a\"><style>.stk-086e41a .stk-block-heading__text{font-family:\"Montserrat\", Sans-serif !important;}<\/style><h2 class=\"stk-block-heading__text\">2- Propri\u00e9t\u00e9 intellectuelle et contrefa\u00e7ons<\/h2><\/div>\n\n\n\n<div class=\"wp-block-stackable-text stk-block-text stk-block stk-7026f47\" data-block-id=\"7026f47\"><style>.stk-7026f47 .stk-block-text__text{font-family:\"Montserrat\", Sans-serif !important;}<\/style><p class=\"stk-block-text__text\"><strong><a href=\"https:\/\/iut.fluxeos.com\/lacabanedeplage\/\" data-type=\"page\" data-id=\"2\">La Cabane de Plage<\/a><\/strong> est propri\u00e9taire des droits de propri\u00e9t\u00e9 intellectuelle et d\u00e9tient les droits d\u2019usage sur tous les \u00e9l\u00e9ments accessibles sur le site internet, notamment les textes, images, graphismes, logos, vid\u00e9os, ic\u00f4nes et sons.<\/p><\/div>\n\n\n\n<div class=\"wp-block-stackable-text stk-block-text stk-block stk-9e8e4fd\" data-block-id=\"9e8e4fd\"><p class=\"stk-block-text__text\">Toute reproduction, publication, et adaptation de tout ou partie des \u00e9l\u00e9ments du site, quel que soit le moyen ou le proc\u00e9d\u00e9 utilis\u00e9, est interdite, sauf autorisation \u00e9crite pr\u00e9alable de<strong> <a href=\"https:\/\/iut.fluxeos.com\/lacabanedeplage\/\" data-type=\"page\" data-id=\"2\">La Cabane de Plage<\/a>.<\/strong><\/p><\/div>\n\n\n\n<div class=\"wp-block-stackable-text stk-block-text stk-block stk-7cc3ca1\" data-block-id=\"7cc3ca1\"><p class=\"stk-block-text__text\">Toute exploitation non autoris\u00e9e du site ou de l\u2019un quelconque des \u00e9l\u00e9ments qu\u2019il contient sera consid\u00e9r\u00e9e comme constitutive d\u2019une contrefa\u00e7on et poursuivie conform\u00e9ment aux dispositions des articles L.335-2 et suivants du Code de Propri\u00e9t\u00e9 Intellectuelle.<\/p><\/div>\n<\/div><\/div><\/div>\n<\/div><\/div>\n\n\n\n<div class=\"wp-block-stackable-columns stk-block-columns stk-block stk-661ed2c\" data-block-id=\"661ed2c\"><div class=\"stk-row stk-inner-blocks stk-block-content stk-content-align stk-661ed2c-column\">\n<div class=\"wp-block-stackable-column stk-block-column stk-column stk-block stk-5ab076a\" data-v=\"4\" data-block-id=\"5ab076a\"><div class=\"stk-column-wrapper stk-block-column__content stk-container stk-5ab076a-container stk--no-background stk--no-padding\"><div class=\"stk-block-content stk-inner-blocks stk-5ab076a-inner-blocks\">\n<div class=\"wp-block-stackable-heading stk-block-heading stk-block-heading--v2 stk-block stk-7d60e2a\" id=\"3-limitations-de-responsabilite\" data-block-id=\"7d60e2a\"><style>.stk-7d60e2a .stk-block-heading__text{font-family:\"Montserrat\", Sans-serif !important;}<\/style><h2 class=\"stk-block-heading__text\">3- Limitations de responsabilit\u00e9<\/h2><\/div>\n\n\n\n<div class=\"wp-block-stackable-text stk-block-text stk-block stk-bed3856\" data-block-id=\"bed3856\"><p class=\"stk-block-text__text\">La Cabane de Plage met tout en \u0153uvre pour fournir sur son site des informations pr\u00e9cises et r\u00e9guli\u00e8rement mises \u00e0 jour. Cependant, l\u2019entreprise ne saurait \u00eatre tenue responsable :<\/p><\/div>\n\n\n\n<ul class=\"wp-block-list\" data-block-type=\"core\">\n<li data-block-type=\"core\">des erreurs ou omissions dans le contenu publi\u00e9 ;<\/li>\n\n\n\n<li data-block-type=\"core\">des dommages directs ou indirects li\u00e9s \u00e0 l\u2019acc\u00e8s ou \u00e0 l\u2019utilisation du site ;<\/li>\n\n\n\n<li data-block-type=\"core\">des intrusions ext\u00e9rieures, comme l\u2019importation non d\u00e9sir\u00e9e de donn\u00e9es ou de logiciels malveillants.<\/li>\n<\/ul>\n\n\n\n<div class=\"wp-block-stackable-text stk-block-text stk-block stk-dd909fa\" data-block-id=\"dd909fa\"><p class=\"stk-block-text__text\">Les espaces interactifs (ex. : formulaire de contact, avis clients) sont disponibles pour les utilisateurs. La Cabane de Plage se r\u00e9serve le droit de supprimer tout contenu publi\u00e9 dans ces espaces s&rsquo;il contrevient aux lois fran\u00e7aises ou aux bonnes pratiques, notamment les messages injurieux, diffamatoires ou \u00e0 caract\u00e8re raciste.<\/p><\/div>\n\n\n\n<div class=\"wp-block-stackable-text stk-block-text stk-block stk-3aeb72a\" data-block-id=\"3aeb72a\"><p class=\"stk-block-text__text\">La Cabane de Plage met tout en \u0153uvre pour garantir la s\u00e9curit\u00e9 des informations transmises sur son site. Toutefois, les utilisateurs sont responsables de la protection de leurs appareils contre tout acc\u00e8s non autoris\u00e9, virus ou autre menace num\u00e9rique. Il est recommand\u00e9 d\u2019utiliser un antivirus et de maintenir \u00e0 jour votre logiciel de navigation.<\/p><\/div>\n<\/div><\/div><\/div>\n<\/div><\/div>\n\n\n\n<div class=\"wp-block-stackable-columns stk-block-columns stk-block stk-b32814d\" data-block-id=\"b32814d\"><div class=\"stk-row stk-inner-blocks stk-block-content stk-content-align stk-b32814d-column\">\n<div class=\"wp-block-stackable-column stk-block-column stk-column stk-block stk-34df7b3\" data-v=\"4\" data-block-id=\"34df7b3\"><div class=\"stk-column-wrapper stk-block-column__content stk-container stk-34df7b3-container stk--no-background stk--no-padding\"><div class=\"stk-block-content stk-inner-blocks stk-34df7b3-inner-blocks\">\n<div class=\"wp-block-stackable-heading stk-block-heading stk-block-heading--v2 stk-block stk-a8fb5ce\" id=\"4-donnees-personnelles\" data-block-id=\"a8fb5ce\"><style>.stk-a8fb5ce .stk-block-heading__text{font-family:\"Montserrat\", Sans-serif !important;}<\/style><h2 class=\"stk-block-heading__text\">4- Donn\u00e9es personnelles<\/h2><\/div>\n\n\n\n<div class=\"wp-block-stackable-text stk-block-text stk-block stk-168cb9a\" data-block-id=\"168cb9a\"><p class=\"stk-block-text__text\">Conform\u00e9ment au R\u00e8glement G\u00e9n\u00e9ral sur la Protection des Donn\u00e9es (RGPD) et \u00e0 la loi Informatique et Libert\u00e9s du 6 janvier 1978 modifi\u00e9e, les utilisateurs disposent d\u2019un droit d\u2019acc\u00e8s, de modification, de rectification et de suppression de leurs donn\u00e9es personnelles.<\/p><\/div>\n\n\n\n<div class=\"wp-block-stackable-text stk-block-text stk-block stk-b9222d4\" data-block-id=\"b9222d4\"><p class=\"stk-block-text__text\">Les donn\u00e9es collect\u00e9es via le site (formulaire de contact, newsletter, commandes) sont utilis\u00e9es uniquement pour traiter les demandes ou fournir des informations. Pour exercer vos droits, contactez-nous \u00e0 :<\/p><\/div>\n\n\n\n<div class=\"wp-block-stackable-text stk-block-text stk-block stk-0d02137\" data-block-id=\"0d02137\"><p class=\"stk-block-text__text\"><strong>Adresse e-mail<\/strong> : contact@lacabanedeplage.com<\/p><\/div>\n\n\n\n<div class=\"wp-block-stackable-text stk-block-text stk-block stk-2b4660a\" data-block-id=\"2b4660a\"><p class=\"stk-block-text__text\"><strong>Adresse postale<\/strong> : 2-4 rue Winston Churchill, 22370, Pl\u00e9neuf-Val-Andr\u00e9<\/p><\/div>\n\n\n\n<div class=\"wp-block-stackable-text stk-block-text stk-block stk-757abe4\" data-block-id=\"757abe4\"><p class=\"stk-block-text__text\">Pour plus de d\u00e9tails, consultez notre <a href=\"https:\/\/iut.fluxeos.com\/lacabanedeplage\/politique-de-confidentialite-2\/\" data-type=\"page\" data-id=\"272\">politique de confidentialit\u00e9<\/a>.<\/p><\/div>\n<\/div><\/div><\/div>\n<\/div><\/div>\n\n\n\n<div class=\"wp-block-stackable-columns stk-block-columns stk-block stk-d6b0484\" data-block-id=\"d6b0484\"><div class=\"stk-row stk-inner-blocks stk-block-content stk-content-align stk-d6b0484-column\">\n<div class=\"wp-block-stackable-column stk-block-column stk-column stk-block stk-d9119eb\" data-v=\"4\" data-block-id=\"d9119eb\"><div class=\"stk-column-wrapper stk-block-column__content stk-container stk-d9119eb-container stk--no-background stk--no-padding\"><div class=\"stk-block-content stk-inner-blocks stk-d9119eb-inner-blocks\">\n<div class=\"wp-block-stackable-heading stk-block-heading stk-block-heading--v2 stk-block stk-614b152\" id=\"5-liens-hypertextes-et-cookies\" data-block-id=\"614b152\"><style>.stk-614b152 .stk-block-heading__text{font-family:\"Montserrat\", Sans-serif !important;}<\/style><h2 class=\"stk-block-heading__text\">5- Liens hypertextes et cookies<\/h2><\/div>\n\n\n\n<div class=\"wp-block-stackable-text stk-block-text stk-block stk-cee399d\" data-block-id=\"cee399d\"><p class=\"stk-block-text__text\">Le site <strong><a href=\"https:\/\/iut.fluxeos.com\/lacabanedeplage\/\" data-type=\"page\" data-id=\"2\">La Cabane de Plage<\/a><\/strong> peut contenir des liens vers d\u2019autres sites. <strong><a href=\"https:\/\/iut.fluxeos.com\/lacabanedeplage\/\" data-type=\"page\" data-id=\"2\">La Cabane de Plage<\/a><\/strong> d\u00e9cline toute responsabilit\u00e9 quant au contenu ou \u00e0 la politique de ces sites tiers.<\/p><\/div>\n\n\n\n<div class=\"wp-block-stackable-text stk-block-text stk-block stk-015e339\" data-block-id=\"015e339\"><p class=\"stk-block-text__text\">Lors de votre navigation, des cookies peuvent \u00eatre install\u00e9s sur votre appareil afin d\u2019analyser les visites ou am\u00e9liorer votre exp\u00e9rience utilisateur. Ces cookies ne sont activ\u00e9s qu\u2019avec votre consentement.<\/p><\/div>\n\n\n\n<div class=\"wp-block-stackable-text stk-block-text stk-block stk-2f1e0ac\" data-block-id=\"2f1e0ac\"><p class=\"stk-block-text__text\">Les cookies sont conserv\u00e9s pour une dur\u00e9e maximale de 3 mois. Vous pouvez param\u00e9trer votre navigateur pour refuser ces cookies \u00e0 tout moment.<\/p><\/div>\n<\/div><\/div><\/div>\n<\/div><\/div>\n\n\n\n<div class=\"wp-block-stackable-columns stk-block-columns stk-block stk-0d188c8\" data-block-id=\"0d188c8\"><div class=\"stk-row stk-inner-blocks stk-block-content stk-content-align stk-0d188c8-column\">\n<div class=\"wp-block-stackable-column stk-block-column stk-column stk-block stk-492cbaf\" data-v=\"4\" data-block-id=\"492cbaf\"><div class=\"stk-column-wrapper stk-block-column__content stk-container stk-492cbaf-container stk--no-background stk--no-padding\"><div class=\"stk-block-content stk-inner-blocks stk-492cbaf-inner-blocks\">\n<div class=\"wp-block-stackable-heading stk-block-heading stk-block-heading--v2 stk-block stk-e335efc\" id=\"6-droit-applicable-et-attribution-de-juridiction\" data-block-id=\"e335efc\"><style>.stk-e335efc .stk-block-heading__text{font-family:\"Montserrat\", Sans-serif !important;}<\/style><h2 class=\"stk-block-heading__text\">6- Droit applicable et attribution de juridiction<\/h2><\/div>\n\n\n\n<div class=\"wp-block-stackable-text stk-block-text stk-block stk-bd84014\" data-block-id=\"bd84014\"><p class=\"stk-block-text__text\">Tout diff\u00e9rend li\u00e9 \u00e0 l\u2019utilisation du site <strong><a href=\"https:\/\/iut.fluxeos.com\/lacabanedeplage\/\" data-type=\"page\" data-id=\"2\">La Cabane de Plage<\/a><\/strong> est soumis au droit fran\u00e7ais. En cas de litige, et sauf disposition l\u00e9gale contraire, les tribunaux comp\u00e9tents seront ceux du ressort du si\u00e8ge social de <strong><a href=\"https:\/\/iut.fluxeos.com\/lacabanedeplage\/\" data-type=\"page\" data-id=\"2\">La Cabane de Plage<\/a><\/strong>.<\/p><\/div>\n<\/div><\/div><\/div>\n<\/div><\/div>\n","protected":false},"excerpt":{"rendered":"<p>Mentions l\u00e9gales 1- Editeur du site Le site La Cabane de Plage est \u00e9dit\u00e9 par : Nom de l&rsquo;entreprise : La Cabane de Plage Forme juridique : EURL Si\u00e8ge social : 2-4 rue Winston Churchill, 22370, Pl\u00e9neuf-Val-Andr\u00e9 Num\u00e9ro de SIRET : RCS : Num\u00e9ro de TVA intracommunautaire : FR XX XXXX XXXX Responsable de la [&hellip;]<\/p>\n","protected":false},"author":15,"featured_media":0,"parent":0,"menu_order":0,"comment_status":"closed","ping_status":"closed","template":"","meta":{"footnotes":""},"class_list":["post-269","page","type-page","status-publish","hentry"],"_links":{"self":[{"href":"https:\/\/iut.fluxeos.com\/lacabanedeplage\/wp-json\/wp\/v2\/pages\/269","targetHints":{"allow":["GET"]}}],"collection":[{"href":"https:\/\/iut.fluxeos.com\/lacabanedeplage\/wp-json\/wp\/v2\/pages"}],"about":[{"href":"https:\/\/iut.fluxeos.com\/lacabanedeplage\/wp-json\/wp\/v2\/types\/page"}],"author":[{"embeddable":true,"href":"https:\/\/iut.fluxeos.com\/lacabanedeplage\/wp-json\/wp\/v2\/users\/15"}],"replies":[{"embeddable":true,"href":"https:\/\/iut.fluxeos.com\/lacabanedeplage\/wp-json\/wp\/v2\/comments?post=269"}],"version-history":[{"count":2,"href":"https:\/\/iut.fluxeos.com\/lacabanedeplage\/wp-json\/wp\/v2\/pages\/269\/revisions"}],"predecessor-version":[{"id":353,"href":"https:\/\/iut.fluxeos.com\/lacabanedeplage\/wp-json\/wp\/v2\/pages\/269\/revisions\/353"}],"wp:attachment":[{"href":"https:\/\/iut.fluxeos.com\/lacabanedeplage\/wp-json\/wp\/v2\/media?parent=269"}],"curies":[{"name":"wp","href":"https:\/\/api.w.org\/{rel}","templated":true}]}}